g(-15). What are the prime factors of y(v)?
2, 173
Let s be 4/(-14) + (5 - (-2400)/21). What are the prime factors of s/49 + -3 + (-1117)/(-7)?
3, 53
Suppose -h = -5*t - 0*h - 1323, -4*t - 2*h - 1050 = 0. Let u = 479 + t. What are the prime factors of u?
5, 43
Let z(l) = -6*l**2 - 32*l - 8. Let b be z(-5). Suppose -2*p + 2498 = 3*p + b*u, 2*p - 4*u = 980. What are the prime factors of p?
2, 3, 83
Let l = -21 + 25. Let m be ((-39)/26)/(-1 + 2/l). What are the prime factors of 5 + m/(15/440)?
3, 31
Suppose 2*d + 6 = s + 2, -s = 3*d - 4. What are the prime factors of 256 - (20/(-5))/s*-2?
2, 127
Let n(r) = -77*r - 534. Let s be n(-7). Let y(w) = 68*w**2 - 1. Let t be y(1). Suppose s*h - 273 = t. What are the prime factors of h?
2, 17
Let j = 8684 + -4919. List the prime factors of j.
3, 5, 251
Let n(u) = -10*u**3 + 2*u**2 - 3*u - 6. Let i(k) = -k - 6. Let l = 14 + -18. Let w be i(l). List the prime factors of n(w).
2, 11
Let c(h) = 198*h + 3503. List the prime factors of c(117).
26669
Let t = -124 - -126. Let p(a) = 273*a - 28. List the prime factors of p(t).
2, 7, 37
Suppose n - 12253 = 4985. List the prime factors of n.
2, 3, 13, 17
Let s = -16 - -19. Suppose -2*i - s*o + o = -640, -3*i - o = -958. What are the prime factors of i?
11, 29
Let n be (5/(-15))/((-1)/8022). Suppose n = 8*z - 3966. List the prime factors of z.
2, 5, 83
Let b = 54174 - -17069. List the prime factors of b.
191, 373
Suppose -4*h + z = -16 - 12, 4*z - 16 = 0. Suppose -h*d + 3*d = -965. List the prime factors of d.
193
Suppose -75*l = -9*l - 1254. Suppose l*b - 39*b = -27060. What are the prime factors of b?
3, 11, 41
Let n be (-3)/(-7 + 60/9). Suppose n*x + x = 1230. What are the prime factors of x?
3, 41
Let z = 404 + -294. Suppose 0 = -z*g + 115*g - 4545. What are the prime factors of g?
3, 101
Suppose -55*n = -51*n - 8. Suppose n = k - 835. List the prime factors of k.
3, 31
Let v(f) = 31 - 2 - 27 + 27*f**2. Suppose -10 = 2*a + 3*a. What are the prime factors of v(a)?
2, 5, 11
Let a be (-110)/(-30) - 4 - (-14)/(-3). What are the prime factors of (a + (-592)/(-12))*24?
2, 7, 19
Let s(y) be the second derivative of -13*y**3/3 - 3*y**2 - y. Let q be -4 + 0 - -8 - 11. What are the prime factors of s(q)?
2, 11
Suppose -45 = 5*a - 4*q - 157, 5*q = -15. Suppose -162 = 26*y - a*y. What are the prime factors of 75/3*y/(-15)?
3, 5
Suppose 2*g - 7*g = 5*p - 15, 8 = 3*p + 4*g. Suppose 4*j - 2*u = 326, j = -0*j + p*u + 85. Suppose 3*v = 4*v - j. List the prime factors of v.
3
Let b(i) = i**3 - 42*i**2 + 615*i - 201. What are the prime factors of b(50)?
50549
Suppose 2*w + 24597 = 4*r - 5035, 3*r + 5*w - 22198 = 0. List the prime factors of r.
2, 7, 23
Let l be 1 + 39 + -82 + 86. Suppose s = 2*a + 1051, -2*a = 38 - l. List the prime factors of s.
7, 151
Let d(m) = 151*m**2 + 30*m - 44. List the prime factors of d(7).
5, 17, 89
List the prime factors of ((968/33)/44)/((-2)/(-61569)).
3, 6841
Let i(u) = -5957*u**3 + 6*u**2 + 35*u + 28. What are the prime factors of i(-1)?
2, 1489
Let o = -101 + 90. Let g(f) = -32*f - 5. List the prime factors of g(o).
347
Let u = 93 - 74. Suppose 23*a = u*a + 68. List the prime factors of a.
17
Let t(y) be the second derivative of 1/2*y**3 + 5*y**2 + 2*y + 0. List the prime factors of t(3).
19
Let i = -37 - -34. Let t be i + (-1 - 0) - -88. What are the prime factors of t/(-7)*(-14)/4?
2, 3, 7
Let r be 3 - (3 - 12) - -4. Let b(y) = -y**3 + 16*y**2 + 22*y + 19. What are the prime factors of b(r)?
7, 53
Let c(a) = -a**2 + 4. Let o = 65 - 63. Let p be c(o). Suppose -6*k + k + 340 = p. What are the prime factors of k?
2, 17
Suppose 4*w + 3382 = 2*i, 2*w - 3412 = 6*w + 4*i. Let o = -525 - w. List the prime factors of o.
17, 19
Suppose -29*o + 42294 = -10*o. Suppose 9*s + 417 - o = 0. List the prime factors of s.
3, 67
Let q = -47136 + 89504. List the prime factors of q.
2, 331
Suppose 10 = -t + 5*z, -3*t - 4*z - 13 = -8*t. Suppose -25 = -t*h, -h + 540 = x + 144. Let k = x + -213. List the prime factors of k.
2, 89
Suppose -8 = 2*p + 2*p. Let b be p + 33/18 - (-38)/12. Suppose 9*d - b*d - 822 = 0. List the prime factors of d.
137
Suppose 18*q - 22*q = p - 30, 0 = p + q - 15. Suppose -226*b = -k - 229*b + 555, -p = 2*b. What are the prime factors of k?
2, 3, 5, 19
Let d = -178 - -302. Suppose -4*m + d + 292 = 4*g, 5*m - 2*g = 485. Let j = m - 56. List the prime factors of j.
43
Let u(n) = 2*n**2 - n - 1. Suppose -9 = -8*s + 5*s. Suppose 8 = r - 5*c, -s*r + 40 = -7*r - 4*c. What are the prime factors of u(r)?
2, 13
Let n(t) = t**2 + 13*t + 8. What are the prime factors of n(16)?
2, 59
Let f = 78 - 111. Let n be 2090/f*(-6)/4. Let z = n - -75. List the prime factors of z.
2, 5, 17
Suppose -3*a = -5*a - 4*l + 4, -l - 3 = 0. Suppose a*c - 379 = 7*c. What are the prime factors of c?
379
Let z = -47 + 46. Let p be 153/34 + z/2. Suppose -183 = -p*s + 5*d, -2*d - 31 - 202 = -5*s. What are the prime factors of s?
47
Let c(b) = 45*b**2 - 9*b - 33. Let y(u) = -u**2 + 1. Let r(t) = c(t) + 9*y(t). What are the prime factors of r(-3)?
3, 109
Let m(l) = -2001 + 3734 - 1948 - 83*l. What are the prime factors of m(-12)?
11, 71
Suppose -330 = 3*z - 4*p - 39728, 52514 = 4*z - 2*p. Let b be z/(-4) + (-15)/(-10). What are the prime factors of (-2)/27*3 - b/18?
2, 7, 13
Let v(o) = -87*o**3 + 35*o**3 - o - 1 - o. Let p = 321 + -322. What are the prime factors of v(p)?
53
Let a(w) = -5*w**2 + 8*w - 10. Let q be a(7). Let t = q + 429. What are the prime factors of t?
2, 5, 23
Suppose -121*l = -119*l. Suppose 3*t - 1444 - 950 = l. What are the prime factors of t?
2, 3, 7, 19
Let w(b) = -106*b - 26. Let j(k) = -6*k - 34. Let o be j(-5). List the prime factors of w(o).
2, 199
Let l be (-1)/((-15)/(-1997)) - (-10)/75. List the prime factors of 10830/l*(-28)/6.
2, 5, 19
Let q = 16074 - 9190. List the prime factors of q.
2, 1721
Let q = 353 - 345. Suppose q*z - 718 = 7*z. List the prime factors of z.
2, 359
Suppose 2*n = -0*n + 12. Suppose -5*c + 1 = n, 3*c = 4*k + 209. Let f = -18 - k. List the prime factors of f.
5, 7
List the prime factors of (-10)/35 - 1261065/(-273).
31, 149
Let n = 3629 + 4438. List the prime factors of n.
3, 2689
Let g be (((-32)/(-6))/(-2))/((-7)/21). Suppose 2*s + 39 = 111. Suppose -l - g = -s. List the prime factors of l.
2, 7
Let z = 32988 + 40975. List the prime factors of z.
37, 1999
Suppose -3*j + 5*l - 4 = 0, -109*j = -113*j - 5*l + 18. Suppose 1671 = j*d - 1231. What are the prime factors of d?
1451
Suppose -361*d - 1818945 = -610*d. List the prime factors of d.
3, 5, 487
Let a(w) = 658*w - 13986. What are the prime factors of a(43)?
2, 7, 73
Let p(t) = -t**2 - 7*t - 7. Let h be p(-5). Suppose h = -j - 123. Let x = -50 - j. List the prime factors of x.
2, 19
Suppose 0 = 3*o - 438 - 252. Suppose -11*s = -16*s + o. List the prime factors of s.
2, 23
Let o(r) = -3*r**3 + r**2 - 4*r + 9. Let b(k) = -3*k**3 - 6*k + 8. Let u(q) = 6*b(q) - 7*o(q). List the prime factors of u(7).
3, 5, 41
Let y(u) = -3*u + 3946. Let m be y(0). Suppose -5*i = -3*h - m, -4*i + 2366 = -i - h. What are the prime factors of i?
2, 197
List the prime factors of (1/(-6))/(1*3/(-414198)).
23011
Let b(h) be the third derivative of -h**6/120 + h**5/15 + h**4/4 - 3*h**3/2 - 34*h**2. What are the prime factors of b(-7)?
2, 61
Suppose 2*j - 3*m - 13 = 0, 5*j - 3*m - 22 + 3 = 0. Let k(u) = 673*u. Let c be k(j). Suppose c = 8*q + 234. What are the prime factors of q?
139
Let v = -13751 + 29361. What are the prime factors of v?
2, 5, 7, 223
Let p(l) = -56*l**3 + 3*l - 2. Let f be p(1). Let c = f - -110. Suppose -c = 3*d - 73. What are the prime factors of d?
2, 3
Let l = -29462 + 51474. What are the prime factors of l?
2, 5503
Let l(m) = -2*m**2 - 8*m + 21930. What are the prime factors of l(0)?
2, 3, 5, 17, 43
What are the prime factors of (-120)/(-1020) - (1 + 108728/(-34))?
23, 139
Let y(j) = -j**3 + 5*j - 645. Let s be y(0). List the prime factors of (-86)/s + 8126/30.
271
Let v = 108 - 112. Let g be 428/3*(-6)/v. Let w = -64 + g. What are the prime factors of w?
2, 3, 5
What are the prime factors of 10/(-3)*774312/(-385)?
2, 419
Suppose -5*r + 116037 = -8267 - 2831. What are the prime factors of r?
47, 541
Suppose -190 - 40 = -10*v. Suppose -33*w + v*w = -1560. List the prime factors of